{"id":561,"date":"2022-12-13T12:08:48","date_gmt":"2022-12-13T11:08:48","guid":{"rendered":"http:\/\/bonnietarot.de\/?page_id=561"},"modified":"2022-12-13T12:14:39","modified_gmt":"2022-12-13T11:14:39","slug":"welche-antworten-geben-die-tarotkarten","status":"publish","type":"page","link":"https:\/\/bonnietarot.de\/index.php\/welche-antworten-geben-die-tarotkarten\/","title":{"rendered":"Welche Antworten geben die Tarotkarten?"},"content":{"rendered":"\n<p>Die zeitliche G\u00fcltigkeit einer Legung bewegt sich ungef\u00e4hr bei drei Monaten, es sei denn, man stellt ausdr\u00fccklich eine grunds\u00e4tzliche Frage, die sich eher auf den Charakter oder das langfristige Lebensthema bezieht. Aber h\u00e4ufig sind auch reine Ereignisthemen durchsetzt mit grunds\u00e4tzlichen Lebensfragen. F\u00e4llt eine Karte der kleinen Arkana, handelt es sich mehr um die Ereignisebene in deinem Leben, die grossen Arkana zeigen an, dass deine grossen Lebensthemen ber\u00fchrt werden. Man kann beispielsweise anhand der Zugeh\u00f6rigkeit der gelegten Karten zu dem kleinen oder grossen Arkanum sehen, ob ein Thema, vielleicht eine Partnerschaft, f\u00fcr dein Leben wichtig ist oder eben auch nicht.<\/p>\n\n\n\n<p>Je nach Legesystem kann man verschiedene Themen mit den Karten beleuchten: Berufliche, partnerschaftliche, gesundheitliche, allgemeine, famili\u00e4re, finanzielle Probleme k\u00f6nnen betrachtet werden. Man kann fragen, wie man in einer Angelegenheit vorgehen soll (Vorschlag aus der geistigen Welt), wie man sich entscheiden soll, man kann fragen, wie eine andere Person empfindet, denkt und handelt (nur, wenn ein berechtigtes Interesse durch eine pers\u00f6nliche Bindung vorliegt, man kann also nicht die Karten f\u00fcr eine x-beliebige Person fragen) und man die Karten zur Selbsterfahrung befragen.<\/p>\n","protected":false},"excerpt":{"rendered":"<p>Die zeitliche G\u00fcltigkeit einer Legung bewegt sich ungef\u00e4hr bei drei Monaten, es sei denn, man stellt ausdr\u00fccklich eine grunds\u00e4tzliche Frage, die sich eher auf den Charakter oder das langfristige Lebensthema bezieht. Aber h\u00e4ufig sind auch reine Ereignisthemen durchsetzt mit grunds\u00e4tzlichen Lebensfragen. F\u00e4llt eine Karte der kleinen Arkana, handelt es sich mehr um die Ereignisebene in deinem Leben, die grossen Arkana zeigen an, dass deine grossen Lebensthemen ber\u00fchrt werden. Man kann beispielsweise anhand der Zugeh\u00f6rigkeit der gelegten Karten zu dem kleinen oder grossen Arkanum sehen, ob ein Thema, vielleicht eine Partnerschaft, f\u00fcr dein Leben wichtig ist oder eben auch nicht. Je<\/p>\n","protected":false},"author":1,"featured_media":0,"parent":0,"menu_order":0,"comment_status":"closed","ping_status":"closed","template":"","meta":{"_eb_attr":"","footnotes":""},"class_list":["post-561","page","type-page","status-publish","hentry"],"yoast_head":"<!-- This site is optimized with the Yoast SEO plugin v20.0 - https:\/\/yoast.com\/wordpress\/plugins\/seo\/ -->\n<title>Welche Antworten geben die Tarotkarten? - Bonnie Tarot<\/title>\n<meta name=\"robots\" content=\"index, follow, max-snippet:-1, max-image-preview:large, max-video-preview:-1\" \/>\n<link rel=\"canonical\" href=\"https:\/\/bonnietarot.de\/index.php\/welche-antworten-geben-die-tarotkarten\/\" \/>\n<meta property=\"og:locale\" content=\"de_DE\" \/>\n<meta property=\"og:type\" content=\"article\" \/>\n<meta property=\"og:title\" content=\"Welche Antworten geben die Tarotkarten? - Bonnie Tarot\" \/>\n<meta property=\"og:description\" content=\"Die zeitliche G\u00fcltigkeit einer Legung bewegt sich ungef\u00e4hr bei drei Monaten, es sei denn, man stellt ausdr\u00fccklich eine grunds\u00e4tzliche Frage, die sich eher auf den Charakter oder das langfristige Lebensthema bezieht. Aber h\u00e4ufig sind auch reine Ereignisthemen durchsetzt mit grunds\u00e4tzlichen Lebensfragen. F\u00e4llt eine Karte der kleinen Arkana, handelt es sich mehr um die Ereignisebene in deinem Leben, die grossen Arkana zeigen an, dass deine grossen Lebensthemen ber\u00fchrt werden. Man kann beispielsweise anhand der Zugeh\u00f6rigkeit der gelegten Karten zu dem kleinen oder grossen Arkanum sehen, ob ein Thema, vielleicht eine Partnerschaft, f\u00fcr dein Leben wichtig ist oder eben auch nicht. Je\" \/>\n<meta property=\"og:url\" content=\"https:\/\/bonnietarot.de\/index.php\/welche-antworten-geben-die-tarotkarten\/\" \/>\n<meta property=\"og:site_name\" content=\"Bonnie Tarot\" \/>\n<meta property=\"article:modified_time\" content=\"2022-12-13T11:14:39+00:00\" \/>\n<meta name=\"twitter:card\" content=\"summary_large_image\" \/>\n<meta name=\"twitter:label1\" content=\"Gesch\u00e4tzte Lesezeit\" \/>\n\t<meta name=\"twitter:data1\" content=\"1\u00a0Minute\" \/>\n<script type=\"application\/ld+json\" class=\"yoast-schema-graph\">{\"@context\":\"https:\/\/schema.org\",\"@graph\":[{\"@type\":\"WebPage\",\"@id\":\"https:\/\/bonnietarot.de\/index.php\/welche-antworten-geben-die-tarotkarten\/\",\"url\":\"https:\/\/bonnietarot.de\/index.php\/welche-antworten-geben-die-tarotkarten\/\",\"name\":\"Welche Antworten geben die Tarotkarten? - Bonnie Tarot\",\"isPartOf\":{\"@id\":\"https:\/\/bonnietarot.de\/#website\"},\"datePublished\":\"2022-12-13T11:08:48+00:00\",\"dateModified\":\"2022-12-13T11:14:39+00:00\",\"breadcrumb\":{\"@id\":\"https:\/\/bonnietarot.de\/index.php\/welche-antworten-geben-die-tarotkarten\/#breadcrumb\"},\"inLanguage\":\"de\",\"potentialAction\":[{\"@type\":\"ReadAction\",\"target\":[\"https:\/\/bonnietarot.de\/index.php\/welche-antworten-geben-die-tarotkarten\/\"]}]},{\"@type\":\"BreadcrumbList\",\"@id\":\"https:\/\/bonnietarot.de\/index.php\/welche-antworten-geben-die-tarotkarten\/#breadcrumb\",\"itemListElement\":[{\"@type\":\"ListItem\",\"position\":1,\"name\":\"Home\",\"item\":\"https:\/\/bonnietarot.de\/\"},{\"@type\":\"ListItem\",\"position\":2,\"name\":\"Welche Antworten geben die Tarotkarten?\"}]},{\"@type\":\"WebSite\",\"@id\":\"https:\/\/bonnietarot.de\/#website\",\"url\":\"https:\/\/bonnietarot.de\/\",\"name\":\"Bonnie Tarot\",\"description\":\"Pers\u00f6nliche Tarotkarten Legung online per Video\",\"publisher\":{\"@id\":\"https:\/\/bonnietarot.de\/#\/schema\/person\/e9b5d9fd0de7b15bcb90e9c122cac3a4\"},\"potentialAction\":[{\"@type\":\"SearchAction\",\"target\":{\"@type\":\"EntryPoint\",\"urlTemplate\":\"https:\/\/bonnietarot.de\/?s={search_term_string}\"},\"query-input\":\"required name=search_term_string\"}],\"inLanguage\":\"de\"},{\"@type\":[\"Person\",\"Organization\"],\"@id\":\"https:\/\/bonnietarot.de\/#\/schema\/person\/e9b5d9fd0de7b15bcb90e9c122cac3a4\",\"name\":\"D\u00f6rte Pranzas\",\"image\":{\"@type\":\"ImageObject\",\"inLanguage\":\"de\",\"@id\":\"https:\/\/bonnietarot.de\/#\/schema\/person\/image\/\",\"url\":\"https:\/\/secure.gravatar.com\/avatar\/5f7e6c6ad10d39dd765f9ef69ef311cd7e6ecc30fa0a8a332cac5d510546baa2?s=96&d=mm&r=g\",\"contentUrl\":\"https:\/\/secure.gravatar.com\/avatar\/5f7e6c6ad10d39dd765f9ef69ef311cd7e6ecc30fa0a8a332cac5d510546baa2?s=96&d=mm&r=g\",\"caption\":\"D\u00f6rte Pranzas\"},\"logo\":{\"@id\":\"https:\/\/bonnietarot.de\/#\/schema\/person\/image\/\"},\"sameAs\":[\"http:\/\/bonnietarot.de\"]}]}<\/script>\n<!-- \/ Yoast SEO plugin. -->","yoast_head_json":{"title":"Welche Antworten geben die Tarotkarten? - Bonnie Tarot","robots":{"index":"index","follow":"follow","max-snippet":"max-snippet:-1","max-image-preview":"max-image-preview:large","max-video-preview":"max-video-preview:-1"},"canonical":"https:\/\/bonnietarot.de\/index.php\/welche-antworten-geben-die-tarotkarten\/","og_locale":"de_DE","og_type":"article","og_title":"Welche Antworten geben die Tarotkarten? - Bonnie Tarot","og_description":"Die zeitliche G\u00fcltigkeit einer Legung bewegt sich ungef\u00e4hr bei drei Monaten, es sei denn, man stellt ausdr\u00fccklich eine grunds\u00e4tzliche Frage, die sich eher auf den Charakter oder das langfristige Lebensthema bezieht. Aber h\u00e4ufig sind auch reine Ereignisthemen durchsetzt mit grunds\u00e4tzlichen Lebensfragen. F\u00e4llt eine Karte der kleinen Arkana, handelt es sich mehr um die Ereignisebene in deinem Leben, die grossen Arkana zeigen an, dass deine grossen Lebensthemen ber\u00fchrt werden. Man kann beispielsweise anhand der Zugeh\u00f6rigkeit der gelegten Karten zu dem kleinen oder grossen Arkanum sehen, ob ein Thema, vielleicht eine Partnerschaft, f\u00fcr dein Leben wichtig ist oder eben auch nicht. Je","og_url":"https:\/\/bonnietarot.de\/index.php\/welche-antworten-geben-die-tarotkarten\/","og_site_name":"Bonnie Tarot","article_modified_time":"2022-12-13T11:14:39+00:00","twitter_card":"summary_large_image","twitter_misc":{"Gesch\u00e4tzte Lesezeit":"1\u00a0Minute"},"schema":{"@context":"https:\/\/schema.org","@graph":[{"@type":"WebPage","@id":"https:\/\/bonnietarot.de\/index.php\/welche-antworten-geben-die-tarotkarten\/","url":"https:\/\/bonnietarot.de\/index.php\/welche-antworten-geben-die-tarotkarten\/","name":"Welche Antworten geben die Tarotkarten? - Bonnie Tarot","isPartOf":{"@id":"https:\/\/bonnietarot.de\/#website"},"datePublished":"2022-12-13T11:08:48+00:00","dateModified":"2022-12-13T11:14:39+00:00","breadcrumb":{"@id":"https:\/\/bonnietarot.de\/index.php\/welche-antworten-geben-die-tarotkarten\/#breadcrumb"},"inLanguage":"de","potentialAction":[{"@type":"ReadAction","target":["https:\/\/bonnietarot.de\/index.php\/welche-antworten-geben-die-tarotkarten\/"]}]},{"@type":"BreadcrumbList","@id":"https:\/\/bonnietarot.de\/index.php\/welche-antworten-geben-die-tarotkarten\/#breadcrumb","itemListElement":[{"@type":"ListItem","position":1,"name":"Home","item":"https:\/\/bonnietarot.de\/"},{"@type":"ListItem","position":2,"name":"Welche Antworten geben die Tarotkarten?"}]},{"@type":"WebSite","@id":"https:\/\/bonnietarot.de\/#website","url":"https:\/\/bonnietarot.de\/","name":"Bonnie Tarot","description":"Pers\u00f6nliche Tarotkarten Legung online per Video","publisher":{"@id":"https:\/\/bonnietarot.de\/#\/schema\/person\/e9b5d9fd0de7b15bcb90e9c122cac3a4"},"potentialAction":[{"@type":"SearchAction","target":{"@type":"EntryPoint","urlTemplate":"https:\/\/bonnietarot.de\/?s={search_term_string}"},"query-input":"required name=search_term_string"}],"inLanguage":"de"},{"@type":["Person","Organization"],"@id":"https:\/\/bonnietarot.de\/#\/schema\/person\/e9b5d9fd0de7b15bcb90e9c122cac3a4","name":"D\u00f6rte Pranzas","image":{"@type":"ImageObject","inLanguage":"de","@id":"https:\/\/bonnietarot.de\/#\/schema\/person\/image\/","url":"https:\/\/secure.gravatar.com\/avatar\/5f7e6c6ad10d39dd765f9ef69ef311cd7e6ecc30fa0a8a332cac5d510546baa2?s=96&d=mm&r=g","contentUrl":"https:\/\/secure.gravatar.com\/avatar\/5f7e6c6ad10d39dd765f9ef69ef311cd7e6ecc30fa0a8a332cac5d510546baa2?s=96&d=mm&r=g","caption":"D\u00f6rte Pranzas"},"logo":{"@id":"https:\/\/bonnietarot.de\/#\/schema\/person\/image\/"},"sameAs":["http:\/\/bonnietarot.de"]}]}},"_links":{"self":[{"href":"https:\/\/bonnietarot.de\/index.php\/wp-json\/wp\/v2\/pages\/561","targetHints":{"allow":["GET"]}}],"collection":[{"href":"https:\/\/bonnietarot.de\/index.php\/wp-json\/wp\/v2\/pages"}],"about":[{"href":"https:\/\/bonnietarot.de\/index.php\/wp-json\/wp\/v2\/types\/page"}],"author":[{"embeddable":true,"href":"https:\/\/bonnietarot.de\/index.php\/wp-json\/wp\/v2\/users\/1"}],"replies":[{"embeddable":true,"href":"https:\/\/bonnietarot.de\/index.php\/wp-json\/wp\/v2\/comments?post=561"}],"version-history":[{"count":2,"href":"https:\/\/bonnietarot.de\/index.php\/wp-json\/wp\/v2\/pages\/561\/revisions"}],"predecessor-version":[{"id":565,"href":"https:\/\/bonnietarot.de\/index.php\/wp-json\/wp\/v2\/pages\/561\/revisions\/565"}],"wp:attachment":[{"href":"https:\/\/bonnietarot.de\/index.php\/wp-json\/wp\/v2\/media?parent=561"}],"curies":[{"name":"wp","href":"https:\/\/api.w.org\/{rel}","templated":true}]}}