{"id":119,"date":"2022-12-07T12:43:12","date_gmt":"2022-12-07T12:43:12","guid":{"rendered":"http:\/\/localhost\/bonnietarotWP\/?page_id=119"},"modified":"2023-01-28T15:46:33","modified_gmt":"2023-01-28T14:46:33","slug":"about","status":"publish","type":"page","link":"https:\/\/bonnietarot.de\/index.php\/about\/","title":{"rendered":"\u00dcber Mich"},"content":{"rendered":"\n<figure class=\"wp-block-image size-large is-resized\"><img loading=\"lazy\" decoding=\"async\" src=\"http:\/\/bonnietarot.de\/wp-content\/uploads\/2023\/01\/DoerteBildKlein-1024x970.png\" alt=\"\" class=\"wp-image-747\" width=\"139\" height=\"132\" srcset=\"https:\/\/bonnietarot.de\/wp-content\/uploads\/2023\/01\/DoerteBildKlein-1024x970.png 1024w, https:\/\/bonnietarot.de\/wp-content\/uploads\/2023\/01\/DoerteBildKlein-300x284.png 300w, https:\/\/bonnietarot.de\/wp-content\/uploads\/2023\/01\/DoerteBildKlein-768x728.png 768w, https:\/\/bonnietarot.de\/wp-content\/uploads\/2023\/01\/DoerteBildKlein-1536x1455.png 1536w, https:\/\/bonnietarot.de\/wp-content\/uploads\/2023\/01\/DoerteBildKlein.png 1601w\" sizes=\"auto, (max-width: 139px) 100vw, 139px\" \/><\/figure>\n\n\n\n<h4 class=\"wp-block-heading\">Was ich kann<\/h4>\n\n\n\n<p>Meine Interessen lagen schon immer in den Bereichen Psychologie, Naturheilkunde, Menschheitsgeschichte und Grenzwissenschaften. Deshalb hatte ich die ganze Zeit neben der Berufst\u00e4tigkeit meine Interessen gepflegt. Kein Wunder, dass ich mir ein Deck Tarotkarten anschaffte !<\/p>\n\n\n\n<p>Ich bin kein Hellseher oder Wahrsager, ich bin Kartendeuter. Man k\u00f6nnte sich mit dieser Berufsaus\u00fcbung auch als \u201eKartenk\u00fcnstler\u201c verstehen. Mein Verh\u00e4ltnis zu den Tarotkarten war schon immer speziell. Nach einer Eingew\u00f6hnungszeit, einer Suchtphase, Fremdg\u00e4ngen mit anderen Kartendecks, dem Finden des richtigen Autors und dem radikalen Entschluss, vor allem f\u00fcr andere zu legen, bin ich in ein ruhiges und zu meinem eigenen Erstaunen verl\u00e4ssliches Fahrwasser mit den Tarotkarten geraten. Meine Legungen f\u00fcr andere sind klar und hilfreich und sie bilden die Situation des Fragenden erstaunlich genau ab. Und ich lege die Karten f\u00fcr andere ausgesprochen gern. Ich bin selbst immer sehr gespannt, was mir die Karten diesmal sagen werden und ob ich es gut lesen kann. Ich glaube, die geistige Welt spricht durch mich zu denen, die diese Hilfe in dem Moment ben\u00f6tigen.<\/p>\n\n\n\n<p>Anders als bei meinen anderen Interessengebieten, wie z.B. Naturheilkunde, wo sich die verschiedenen Kategorien, die ich mir im Laufe der Zeit erarbeitet habe, aneinanderreihen und ich im Problemfall mal auf dieses und mal auf jenes Thema zur\u00fcckgreife, ist es beim Tarot so, dass ich die f\u00fcr mich perfekten Bausteine im Laufe der Zeit entdeckt habe und auch dabei geblieben bin. Alles andere passt f\u00fcr andere, nicht f\u00fcr mich. So lege ich das klassische Rider-Tarot von Edward White, gezeichnet von Pamela Colman Smith nach der klassischen Deutung und den bew\u00e4hrten Legesystemen, die man in vielen Tarot-B\u00fcchern findet. Bisher hatte sich das als gut bew\u00e4hrt!<\/p>\n\n\n\n<h4 class=\"wp-block-heading\">Wie ich zum Tarot kam<\/h4>\n\n\n\n<p>Ich war Ende 20 und in der aufregenden Auslandsphase meines Lebens Anfang der 90iger Jahre, das bedeutet, dass ich f\u00fcr 3 Jahre in der Schweiz lebte. Dort kaufte ich mir mein Rider Tarot Kartendeck, mit dem ich heute noch arbeite. Ich bin der Meinung, dass sich die Karten im Laufe der Jahre \u201eaufladen\u201c und immer besser mit mir und der geistigen Welt zusammenarbeiten. Am Anfang hatte ich schon des \u00f6fteren das Gef\u00fchl, die Karten \u201eschw\u00e4tzen\u201c nur \u201eUnsinn\u201c \ud83d\ude09 Die Karten und ich mussten uns erst aneinander gew\u00f6hnen. Beispielsweise musste ich durch eine Suchtphase, in der ich f\u00fcr jede noch so triviale Entscheidung die Karten legte. Oder jede Antwort gleich wieder verwarf, wenn sie mir nicht passte und gleich wieder neu legte. Oder ich interpretierte die Karten sehr kreativ und deutete negative Karten positiv um. Nachdem mir klar wurde, dass ich mich selbst \u00fcberlistete und dass man mit Kartenlegen die Realit\u00e4t nicht \u00e4ndern kann, legte ich die Karten erstmal beiseite. Dann legte ich fast nur noch f\u00fcr andere. In wichtigen Umbruchphasen hatte ich auch wieder viel f\u00fcr mich gelegt und in der Phase hatte ich festgestellt, dass es jetzt im Gegensatz zu meinen ersten Versuchen viel besser klappte und dass die Karten mir jetzt weise Ratschl\u00e4ge geben !<\/p>\n\n\n\n<h4 class=\"wp-block-heading\">Habe ich mir auch schon mal die Karten legen lassen ?<\/h4>\n\n\n\n<p>Ja, habe ich. Ich habe schon mehrmals bei Kartenlegerinnen in ihrer Wohnstube gesessen und mir die Karten legen lassen. In einem Fall kamen sogar der Mann der Kartenlegerin und ihr Sohn dazu, vermutlich, weil ich ihren Platz auf dem Sofa belegte \ud83d\ude42 ! Da haben wir es doch heute im Zeitalter von Skype und Videotelefonaten richtig gut ! Mir wurden immer die Skatkarten gelegt. Ich war auch bei anderen Wahrsagern und Hellsehern, das letzte Mal bei einem Medium. Da wurde meine Frage nach der Existenz der geistigen Welt positiv und \u00fcberzeugend beantwortet.&nbsp;<\/p>\n","protected":false},"excerpt":{"rendered":"<p>Was ich kann Meine Interessen lagen schon immer in den Bereichen Psychologie, Naturheilkunde, Menschheitsgeschichte und Grenzwissenschaften. Deshalb hatte ich die ganze Zeit neben der Berufst\u00e4tigkeit meine Interessen gepflegt. Kein Wunder, dass ich mir ein Deck Tarotkarten anschaffte ! Ich bin kein Hellseher oder Wahrsager, ich bin Kartendeuter. Man k\u00f6nnte sich mit dieser Berufsaus\u00fcbung auch als \u201eKartenk\u00fcnstler\u201c verstehen. Mein Verh\u00e4ltnis zu den Tarotkarten war schon immer speziell. Nach einer Eingew\u00f6hnungszeit, einer Suchtphase, Fremdg\u00e4ngen mit anderen Kartendecks, dem Finden des richtigen Autors und dem radikalen Entschluss, vor allem f\u00fcr andere zu legen, bin ich in ein ruhiges und zu meinem eigenen Erstaunen<\/p>\n","protected":false},"author":1,"featured_media":0,"parent":0,"menu_order":0,"comment_status":"closed","ping_status":"closed","template":"","meta":{"_eb_attr":"","footnotes":""},"class_list":["post-119","page","type-page","status-publish","hentry"],"yoast_head":"<!-- This site is optimized with the Yoast SEO plugin v20.0 - https:\/\/yoast.com\/wordpress\/plugins\/seo\/ -->\n<title>\u00dcber Mich - Bonnie Tarot<\/title>\n<meta name=\"description\" content=\"\u00dcber D\u00f6rte Pranzas\" \/>\n<meta name=\"robots\" content=\"index, follow, max-snippet:-1, max-image-preview:large, max-video-preview:-1\" \/>\n<link rel=\"canonical\" href=\"https:\/\/bonnietarot.de\/index.php\/about\/\" \/>\n<meta property=\"og:locale\" content=\"de_DE\" \/>\n<meta property=\"og:type\" content=\"article\" \/>\n<meta property=\"og:title\" content=\"\u00dcber Mich - Bonnie Tarot\" \/>\n<meta property=\"og:description\" content=\"\u00dcber D\u00f6rte Pranzas\" \/>\n<meta property=\"og:url\" content=\"https:\/\/bonnietarot.de\/index.php\/about\/\" \/>\n<meta property=\"og:site_name\" content=\"Bonnie Tarot\" \/>\n<meta property=\"article:modified_time\" content=\"2023-01-28T14:46:33+00:00\" \/>\n<meta property=\"og:image\" content=\"http:\/\/bonnietarot.de\/wp-content\/uploads\/2023\/01\/DoerteBildKlein-1024x970.png\" \/>\n<meta name=\"twitter:card\" content=\"summary_large_image\" \/>\n<meta name=\"twitter:label1\" content=\"Gesch\u00e4tzte Lesezeit\" \/>\n\t<meta name=\"twitter:data1\" content=\"4\u00a0Minuten\" \/>\n<script type=\"application\/ld+json\" class=\"yoast-schema-graph\">{\"@context\":\"https:\/\/schema.org\",\"@graph\":[{\"@type\":\"WebPage\",\"@id\":\"https:\/\/bonnietarot.de\/index.php\/about\/\",\"url\":\"https:\/\/bonnietarot.de\/index.php\/about\/\",\"name\":\"\u00dcber Mich - Bonnie Tarot\",\"isPartOf\":{\"@id\":\"https:\/\/bonnietarot.de\/#website\"},\"datePublished\":\"2022-12-07T12:43:12+00:00\",\"dateModified\":\"2023-01-28T14:46:33+00:00\",\"description\":\"\u00dcber D\u00f6rte Pranzas\",\"breadcrumb\":{\"@id\":\"https:\/\/bonnietarot.de\/index.php\/about\/#breadcrumb\"},\"inLanguage\":\"de\",\"potentialAction\":[{\"@type\":\"ReadAction\",\"target\":[\"https:\/\/bonnietarot.de\/index.php\/about\/\"]}]},{\"@type\":\"BreadcrumbList\",\"@id\":\"https:\/\/bonnietarot.de\/index.php\/about\/#breadcrumb\",\"itemListElement\":[{\"@type\":\"ListItem\",\"position\":1,\"name\":\"Home\",\"item\":\"https:\/\/bonnietarot.de\/\"},{\"@type\":\"ListItem\",\"position\":2,\"name\":\"\u00dcber Mich\"}]},{\"@type\":\"WebSite\",\"@id\":\"https:\/\/bonnietarot.de\/#website\",\"url\":\"https:\/\/bonnietarot.de\/\",\"name\":\"Bonnie Tarot\",\"description\":\"Pers\u00f6nliche Tarotkarten Legung online per Video\",\"publisher\":{\"@id\":\"https:\/\/bonnietarot.de\/#\/schema\/person\/e9b5d9fd0de7b15bcb90e9c122cac3a4\"},\"potentialAction\":[{\"@type\":\"SearchAction\",\"target\":{\"@type\":\"EntryPoint\",\"urlTemplate\":\"https:\/\/bonnietarot.de\/?s={search_term_string}\"},\"query-input\":\"required name=search_term_string\"}],\"inLanguage\":\"de\"},{\"@type\":[\"Person\",\"Organization\"],\"@id\":\"https:\/\/bonnietarot.de\/#\/schema\/person\/e9b5d9fd0de7b15bcb90e9c122cac3a4\",\"name\":\"D\u00f6rte Pranzas\",\"image\":{\"@type\":\"ImageObject\",\"inLanguage\":\"de\",\"@id\":\"https:\/\/bonnietarot.de\/#\/schema\/person\/image\/\",\"url\":\"https:\/\/secure.gravatar.com\/avatar\/5f7e6c6ad10d39dd765f9ef69ef311cd7e6ecc30fa0a8a332cac5d510546baa2?s=96&d=mm&r=g\",\"contentUrl\":\"https:\/\/secure.gravatar.com\/avatar\/5f7e6c6ad10d39dd765f9ef69ef311cd7e6ecc30fa0a8a332cac5d510546baa2?s=96&d=mm&r=g\",\"caption\":\"D\u00f6rte Pranzas\"},\"logo\":{\"@id\":\"https:\/\/bonnietarot.de\/#\/schema\/person\/image\/\"},\"sameAs\":[\"http:\/\/bonnietarot.de\"]}]}<\/script>\n<!-- \/ Yoast SEO plugin. -->","yoast_head_json":{"title":"\u00dcber Mich - Bonnie Tarot","description":"\u00dcber D\u00f6rte Pranzas","robots":{"index":"index","follow":"follow","max-snippet":"max-snippet:-1","max-image-preview":"max-image-preview:large","max-video-preview":"max-video-preview:-1"},"canonical":"https:\/\/bonnietarot.de\/index.php\/about\/","og_locale":"de_DE","og_type":"article","og_title":"\u00dcber Mich - Bonnie Tarot","og_description":"\u00dcber D\u00f6rte Pranzas","og_url":"https:\/\/bonnietarot.de\/index.php\/about\/","og_site_name":"Bonnie Tarot","article_modified_time":"2023-01-28T14:46:33+00:00","og_image":[{"url":"http:\/\/bonnietarot.de\/wp-content\/uploads\/2023\/01\/DoerteBildKlein-1024x970.png"}],"twitter_card":"summary_large_image","twitter_misc":{"Gesch\u00e4tzte Lesezeit":"4\u00a0Minuten"},"schema":{"@context":"https:\/\/schema.org","@graph":[{"@type":"WebPage","@id":"https:\/\/bonnietarot.de\/index.php\/about\/","url":"https:\/\/bonnietarot.de\/index.php\/about\/","name":"\u00dcber Mich - Bonnie Tarot","isPartOf":{"@id":"https:\/\/bonnietarot.de\/#website"},"datePublished":"2022-12-07T12:43:12+00:00","dateModified":"2023-01-28T14:46:33+00:00","description":"\u00dcber D\u00f6rte Pranzas","breadcrumb":{"@id":"https:\/\/bonnietarot.de\/index.php\/about\/#breadcrumb"},"inLanguage":"de","potentialAction":[{"@type":"ReadAction","target":["https:\/\/bonnietarot.de\/index.php\/about\/"]}]},{"@type":"BreadcrumbList","@id":"https:\/\/bonnietarot.de\/index.php\/about\/#breadcrumb","itemListElement":[{"@type":"ListItem","position":1,"name":"Home","item":"https:\/\/bonnietarot.de\/"},{"@type":"ListItem","position":2,"name":"\u00dcber Mich"}]},{"@type":"WebSite","@id":"https:\/\/bonnietarot.de\/#website","url":"https:\/\/bonnietarot.de\/","name":"Bonnie Tarot","description":"Pers\u00f6nliche Tarotkarten Legung online per Video","publisher":{"@id":"https:\/\/bonnietarot.de\/#\/schema\/person\/e9b5d9fd0de7b15bcb90e9c122cac3a4"},"potentialAction":[{"@type":"SearchAction","target":{"@type":"EntryPoint","urlTemplate":"https:\/\/bonnietarot.de\/?s={search_term_string}"},"query-input":"required name=search_term_string"}],"inLanguage":"de"},{"@type":["Person","Organization"],"@id":"https:\/\/bonnietarot.de\/#\/schema\/person\/e9b5d9fd0de7b15bcb90e9c122cac3a4","name":"D\u00f6rte Pranzas","image":{"@type":"ImageObject","inLanguage":"de","@id":"https:\/\/bonnietarot.de\/#\/schema\/person\/image\/","url":"https:\/\/secure.gravatar.com\/avatar\/5f7e6c6ad10d39dd765f9ef69ef311cd7e6ecc30fa0a8a332cac5d510546baa2?s=96&d=mm&r=g","contentUrl":"https:\/\/secure.gravatar.com\/avatar\/5f7e6c6ad10d39dd765f9ef69ef311cd7e6ecc30fa0a8a332cac5d510546baa2?s=96&d=mm&r=g","caption":"D\u00f6rte Pranzas"},"logo":{"@id":"https:\/\/bonnietarot.de\/#\/schema\/person\/image\/"},"sameAs":["http:\/\/bonnietarot.de"]}]}},"_links":{"self":[{"href":"https:\/\/bonnietarot.de\/index.php\/wp-json\/wp\/v2\/pages\/119","targetHints":{"allow":["GET"]}}],"collection":[{"href":"https:\/\/bonnietarot.de\/index.php\/wp-json\/wp\/v2\/pages"}],"about":[{"href":"https:\/\/bonnietarot.de\/index.php\/wp-json\/wp\/v2\/types\/page"}],"author":[{"embeddable":true,"href":"https:\/\/bonnietarot.de\/index.php\/wp-json\/wp\/v2\/users\/1"}],"replies":[{"embeddable":true,"href":"https:\/\/bonnietarot.de\/index.php\/wp-json\/wp\/v2\/comments?post=119"}],"version-history":[{"count":12,"href":"https:\/\/bonnietarot.de\/index.php\/wp-json\/wp\/v2\/pages\/119\/revisions"}],"predecessor-version":[{"id":797,"href":"https:\/\/bonnietarot.de\/index.php\/wp-json\/wp\/v2\/pages\/119\/revisions\/797"}],"wp:attachment":[{"href":"https:\/\/bonnietarot.de\/index.php\/wp-json\/wp\/v2\/media?parent=119"}],"curies":[{"name":"wp","href":"https:\/\/api.w.org\/{rel}","templated":true}]}}